{"id":853,"date":"2025-12-26T19:37:04","date_gmt":"2025-12-26T19:37:04","guid":{"rendered":"https:\/\/www.luxurystaycostarica.com\/?page_id=853"},"modified":"2025-12-29T15:35:48","modified_gmt":"2025-12-29T15:35:48","slug":"tips-2","status":"publish","type":"page","link":"https:\/\/www.luxurystaycostarica.com\/?page_id=853","title":{"rendered":"Travel Tips and Things to Do Near Casa Armonia"},"content":{"rendered":"\t\t<div data-elementor-type=\"wp-page\" data-elementor-id=\"853\" class=\"elementor elementor-853\">\n\t\t\t\t<div class=\"elementor-element elementor-element-f60fccf e-con-full e-flex e-con e-parent\" data-id=\"f60fccf\" data-element_type=\"container\" data-e-type=\"container\">\n\t\t<div class=\"elementor-element elementor-element-0b1d9a7 e-con-full e-flex e-con e-child\" data-id=\"0b1d9a7\" data-element_type=\"container\" data-e-type=\"container\">\n\t\t\t\t<div class=\"elementor-element elementor-element-1f201f6 elementor-widget elementor-widget-obfx-posts-grid\" data-id=\"1f201f6\" data-element_type=\"widget\" data-e-type=\"widget\" data-widget_type=\"obfx-posts-grid.default\">\n\t\t\t\t<div class=\"elementor-widget-container\">\n\t\t\t\t\t<div class=\"obfx-grid\"><div class=\"obfx-grid-container obfx-grid-desktop-2\"><div class=\"obfx-grid-wrapper\"><article class=\"obfx-grid-col\"><div class=\"obfx-grid-col-image\" style=\"\"><a href=\"https:\/\/www.luxurystaycostarica.com\/?p=844\" title=\"Best Time of Year to Visit Playas del Coco, Costa Rica\"><img decoding=\"async\" width=\"200\" height=\"150\" src=\"https:\/\/www.luxurystaycostarica.com\/wp-content\/uploads\/2025\/12\/Costa-Rica-Monteverde-in-Rainy-Seaso-200x150.jpg\" class=\"img-responsive wp-post-image\" alt=\"Costa-Rica-Monteverde-in-Rainy-Seaso\" srcset=\"https:\/\/www.luxurystaycostarica.com\/wp-content\/uploads\/2025\/12\/Costa-Rica-Monteverde-in-Rainy-Seaso-200x150.jpg 200w, https:\/\/www.luxurystaycostarica.com\/wp-content\/uploads\/2025\/12\/Costa-Rica-Monteverde-in-Rainy-Seaso-600x450.jpg 600w, https:\/\/www.luxurystaycostarica.com\/wp-content\/uploads\/2025\/12\/Costa-Rica-Monteverde-in-Rainy-Seaso.jpg 1024w\" sizes=\"(max-width: 200px) 100vw, 200px\" \/><\/a><\/div><div class=\"obfx-grid-col-content\">\t\t\t<h2 class=\"entry-title obfx-grid-title\">\n\t\t\t\t\t\t\t<a href=\"https:\/\/www.luxurystaycostarica.com\/?p=844\" title=\"Best Time of Year to Visit Playas del Coco, Costa Rica\">\n\t\t\t\t\tBest Time of Year to Visit Playas del Coco, Costa Rica\t\t\t\t<\/a>\n\t\t\t\t\t\t\t<\/h2>\n\t\t\t\t\t\t\t<div class=\"entry-meta obfx-grid-meta\">\n\n\t\t\t\t\t\t\t\t\t\t\t\t\t<span class=\"obfx-grid-author\">\n\t\t\t\t\t\t\t\t\t<i class=\"fas fa-user\"><\/i>LuxuryCR2025\t\t\t\t\t\t\t\t<\/span>\n\t\t\t\t\t\t\t\t\t\t\t\t\t\t\t\t<span class=\"obfx-grid-date\">\n\t\t\t\t\t\t\t\t\t<i class=\"fas fa-calendar\"><\/i>December 25, 2025\t\t\t\t\t\t\t\t<\/span>\n\t\t\t\t\t\t\t\t\n\t\t\t\t<\/div>\n\t\t\t\t\t\t\t<div class=\"entry-content obfx-grid-content\">\n\t\t\t\tUnderstanding Dry Season vs. Green Season One of the most common questions travelers ask when planning a trip to Costa Rica is:\u201cWhen is the best time to visit?\u201d If you\u2019ve&hellip;\t\t\t<\/div>\n\t\t\t<div class=\"obfx-grid-footer\"><a href=\"https:\/\/www.luxurystaycostarica.com\/?p=844\" title=\"Read more\">Read more<\/a><\/div><\/div><\/article><\/div><div class=\"obfx-grid-wrapper\"><article class=\"obfx-grid-col\"><div class=\"obfx-grid-col-image\" style=\"\"><a href=\"https:\/\/www.luxurystaycostarica.com\/?p=53\" title=\"Costa Rican History &amp; Culture\"><img decoding=\"async\" width=\"200\" height=\"142\" src=\"https:\/\/www.luxurystaycostarica.com\/wp-content\/uploads\/2025\/09\/carnaval-del-sol-Costa-Rican-Cultura-200x142.jpg\" class=\"img-responsive wp-post-image\" alt=\"carnaval-del-sol Costa Rican Cultura\" srcset=\"https:\/\/www.luxurystaycostarica.com\/wp-content\/uploads\/2025\/09\/carnaval-del-sol-Costa-Rican-Cultura-200x142.jpg 200w, https:\/\/www.luxurystaycostarica.com\/wp-content\/uploads\/2025\/09\/carnaval-del-sol-Costa-Rican-Cultura-600x425.jpg 600w, https:\/\/www.luxurystaycostarica.com\/wp-content\/uploads\/2025\/09\/carnaval-del-sol-Costa-Rican-Cultura.jpg 780w\" sizes=\"(max-width: 200px) 100vw, 200px\" \/><\/a><\/div><div class=\"obfx-grid-col-content\">\t\t\t<h2 class=\"entry-title obfx-grid-title\">\n\t\t\t\t\t\t\t<a href=\"https:\/\/www.luxurystaycostarica.com\/?p=53\" title=\"Costa Rican History &amp; Culture\">\n\t\t\t\t\tCosta Rican History &amp; Culture\t\t\t\t<\/a>\n\t\t\t\t\t\t\t<\/h2>\n\t\t\t\t\t\t\t<div class=\"entry-meta obfx-grid-meta\">\n\n\t\t\t\t\t\t\t\t\t\t\t\t\t<span class=\"obfx-grid-author\">\n\t\t\t\t\t\t\t\t\t<i class=\"fas fa-user\"><\/i>LuxuryCR2025\t\t\t\t\t\t\t\t<\/span>\n\t\t\t\t\t\t\t\t\t\t\t\t\t\t\t\t<span class=\"obfx-grid-date\">\n\t\t\t\t\t\t\t\t\t<i class=\"fas fa-calendar\"><\/i>September 22, 2025\t\t\t\t\t\t\t\t<\/span>\n\t\t\t\t\t\t\t\t\n\t\t\t\t<\/div>\n\t\t\t\t\t\t\t<div class=\"entry-content obfx-grid-content\">\n\t\t\t\tHistory of Costa Rica Early Inhabitants:Costa Rica\u2019s history begins long before European exploration. As early as 10,000 BCE, indigenous peoples lived in small communities across the land, organized under cacicazgos&hellip;\t\t\t<\/div>\n\t\t\t<div class=\"obfx-grid-footer\"><a href=\"https:\/\/www.luxurystaycostarica.com\/?p=53\" title=\"Read more\">Read more<\/a><\/div><\/div><\/article><\/div><div class=\"obfx-grid-wrapper\"><article class=\"obfx-grid-col\"><div class=\"obfx-grid-col-image\" style=\"\"><a href=\"https:\/\/www.luxurystaycostarica.com\/?p=839\" title=\"Pros &amp; Cons of Staying in Playas del Coco\"><img decoding=\"async\" width=\"200\" height=\"150\" src=\"https:\/\/www.luxurystaycostarica.com\/wp-content\/uploads\/2025\/07\/coco-beach-2-200x150.jpg\" class=\"img-responsive wp-post-image\" alt=\"coco beach 2\" srcset=\"https:\/\/www.luxurystaycostarica.com\/wp-content\/uploads\/2025\/07\/coco-beach-2-200x150.jpg 200w, https:\/\/www.luxurystaycostarica.com\/wp-content\/uploads\/2025\/07\/coco-beach-2-600x450.jpg 600w, https:\/\/www.luxurystaycostarica.com\/wp-content\/uploads\/2025\/07\/coco-beach-2-1536x1152.jpg 1536w, https:\/\/www.luxurystaycostarica.com\/wp-content\/uploads\/2025\/07\/coco-beach-2.jpg 2000w\" sizes=\"(max-width: 200px) 100vw, 200px\" \/><\/a><\/div><div class=\"obfx-grid-col-content\">\t\t\t<h2 class=\"entry-title obfx-grid-title\">\n\t\t\t\t\t\t\t<a href=\"https:\/\/www.luxurystaycostarica.com\/?p=839\" title=\"Pros &amp; Cons of Staying in Playas del Coco\">\n\t\t\t\t\tPros &amp; Cons of Staying in Playas del Coco\t\t\t\t<\/a>\n\t\t\t\t\t\t\t<\/h2>\n\t\t\t\t\t\t\t<div class=\"entry-meta obfx-grid-meta\">\n\n\t\t\t\t\t\t\t\t\t\t\t\t\t<span class=\"obfx-grid-author\">\n\t\t\t\t\t\t\t\t\t<i class=\"fas fa-user\"><\/i>LuxuryCR2025\t\t\t\t\t\t\t\t<\/span>\n\t\t\t\t\t\t\t\t\t\t\t\t\t\t\t\t<span class=\"obfx-grid-date\">\n\t\t\t\t\t\t\t\t\t<i class=\"fas fa-calendar\"><\/i>December 25, 2025\t\t\t\t\t\t\t\t<\/span>\n\t\t\t\t\t\t\t\t\n\t\t\t\t<\/div>\n\t\t\t\t\t\t\t<div class=\"entry-content obfx-grid-content\">\n\t\t\t\tPlayas del Coco is one of Guanacaste\u2019s most popular beach towns \u2014 lively, convenient, and full of energy. For many travelers, it\u2019s a fantastic place to visit. But like any&hellip;\t\t\t<\/div>\n\t\t\t<div class=\"obfx-grid-footer\"><a href=\"https:\/\/www.luxurystaycostarica.com\/?p=839\" title=\"Read more\">Read more<\/a><\/div><\/div><\/article><\/div><div class=\"obfx-grid-wrapper\"><article class=\"obfx-grid-col\"><div class=\"obfx-grid-col-image\" style=\"\"><a href=\"https:\/\/www.luxurystaycostarica.com\/?p=49\" title=\"Restaurants, Cafes &amp; Bars\"><img loading=\"lazy\" decoding=\"async\" width=\"200\" height=\"112\" src=\"https:\/\/www.luxurystaycostarica.com\/wp-content\/uploads\/2025\/07\/traditional-Costa-Rican-food-1.jpg\" class=\"img-responsive wp-post-image\" alt=\"traditional-Costa-Rican-food-1\" srcset=\"https:\/\/www.luxurystaycostarica.com\/wp-content\/uploads\/2025\/07\/traditional-Costa-Rican-food-1.jpg 1456w, https:\/\/www.luxurystaycostarica.com\/wp-content\/uploads\/2025\/07\/traditional-Costa-Rican-food-1-600x336.jpg 600w, https:\/\/www.luxurystaycostarica.com\/wp-content\/uploads\/2025\/07\/traditional-Costa-Rican-food-1-300x168.jpg 300w, https:\/\/www.luxurystaycostarica.com\/wp-content\/uploads\/2025\/07\/traditional-Costa-Rican-food-1-1024x574.jpg 1024w, https:\/\/www.luxurystaycostarica.com\/wp-content\/uploads\/2025\/07\/traditional-Costa-Rican-food-1-768x430.jpg 768w\" sizes=\"(max-width: 200px) 100vw, 200px\" \/><\/a><\/div><div class=\"obfx-grid-col-content\">\t\t\t<h2 class=\"entry-title obfx-grid-title\">\n\t\t\t\t\t\t\t<a href=\"https:\/\/www.luxurystaycostarica.com\/?p=49\" title=\"Restaurants, Cafes &amp; Bars\">\n\t\t\t\t\tRestaurants, Cafes &amp; Bars\t\t\t\t<\/a>\n\t\t\t\t\t\t\t<\/h2>\n\t\t\t\t\t\t\t<div class=\"entry-meta obfx-grid-meta\">\n\n\t\t\t\t\t\t\t\t\t\t\t\t\t<span class=\"obfx-grid-author\">\n\t\t\t\t\t\t\t\t\t<i class=\"fas fa-user\"><\/i>LuxuryCR2025\t\t\t\t\t\t\t\t<\/span>\n\t\t\t\t\t\t\t\t\t\t\t\t\t\t\t\t<span class=\"obfx-grid-date\">\n\t\t\t\t\t\t\t\t\t<i class=\"fas fa-calendar\"><\/i>July 11, 2025\t\t\t\t\t\t\t\t<\/span>\n\t\t\t\t\t\t\t\t\n\t\t\t\t<\/div>\n\t\t\t\t\t\t\t<div class=\"entry-content obfx-grid-content\">\n\t\t\t\t&#x1f37d;&#xfe0f; Restaurants, Caf\u00e9s &#038; Bars Within ~20 Minutes of Casa Armon\u00eda Playas del Coco, Playas Hermoso &#038; Sardinal &#x2615; Caf\u00e9s &#038; Casual Breakfast Spots Simbiosis Coffee House \u2013 Artisan coffee,&hellip;\t\t\t<\/div>\n\t\t\t<div class=\"obfx-grid-footer\"><a href=\"https:\/\/www.luxurystaycostarica.com\/?p=49\" title=\"Read more\">Read more<\/a><\/div><\/div><\/article><\/div><div class=\"obfx-grid-wrapper\"><article class=\"obfx-grid-col\"><div class=\"obfx-grid-col-image\" style=\"\"><a href=\"https:\/\/www.luxurystaycostarica.com\/?p=55\" title=\"Top Beaches Near Casa Armon\u00eda\"><img loading=\"lazy\" decoding=\"async\" width=\"200\" height=\"113\" src=\"https:\/\/www.luxurystaycostarica.com\/wp-content\/uploads\/2025\/07\/beach-1.jpg\" class=\"img-responsive wp-post-image\" alt=\"beach\" srcset=\"https:\/\/www.luxurystaycostarica.com\/wp-content\/uploads\/2025\/07\/beach-1.jpg 1920w, https:\/\/www.luxurystaycostarica.com\/wp-content\/uploads\/2025\/07\/beach-1-600x338.jpg 600w, https:\/\/www.luxurystaycostarica.com\/wp-content\/uploads\/2025\/07\/beach-1-300x169.jpg 300w, https:\/\/www.luxurystaycostarica.com\/wp-content\/uploads\/2025\/07\/beach-1-1024x576.jpg 1024w, https:\/\/www.luxurystaycostarica.com\/wp-content\/uploads\/2025\/07\/beach-1-768x432.jpg 768w, https:\/\/www.luxurystaycostarica.com\/wp-content\/uploads\/2025\/07\/beach-1-1536x864.jpg 1536w\" sizes=\"(max-width: 200px) 100vw, 200px\" \/><\/a><\/div><div class=\"obfx-grid-col-content\">\t\t\t<h2 class=\"entry-title obfx-grid-title\">\n\t\t\t\t\t\t\t<a href=\"https:\/\/www.luxurystaycostarica.com\/?p=55\" title=\"Top Beaches Near Casa Armon\u00eda\">\n\t\t\t\t\tTop Beaches Near Casa Armon\u00eda\t\t\t\t<\/a>\n\t\t\t\t\t\t\t<\/h2>\n\t\t\t\t\t\t\t<div class=\"entry-meta obfx-grid-meta\">\n\n\t\t\t\t\t\t\t\t\t\t\t\t\t<span class=\"obfx-grid-author\">\n\t\t\t\t\t\t\t\t\t<i class=\"fas fa-user\"><\/i>LuxuryCR2025\t\t\t\t\t\t\t\t<\/span>\n\t\t\t\t\t\t\t\t\t\t\t\t\t\t\t\t<span class=\"obfx-grid-date\">\n\t\t\t\t\t\t\t\t\t<i class=\"fas fa-calendar\"><\/i>June 19, 2025\t\t\t\t\t\t\t\t<\/span>\n\t\t\t\t\t\t\t\t\n\t\t\t\t<\/div>\n\t\t\t\t\t\t\t<div class=\"entry-content obfx-grid-content\">\n\t\t\t\tCosta Rica\u2019s Pacific Northwest is home to some of the most breathtaking beaches in Central America, and staying at Casa Armon\u00eda in Playas del Coco (Monte Hermoso Condominio) puts you&hellip;\t\t\t<\/div>\n\t\t\t<div class=\"obfx-grid-footer\"><a href=\"https:\/\/www.luxurystaycostarica.com\/?p=55\" title=\"Read more\">Read more<\/a><\/div><\/div><\/article><\/div><div class=\"obfx-grid-wrapper\"><article class=\"obfx-grid-col\"><div class=\"obfx-grid-col-image\" style=\"\"><a href=\"https:\/\/www.luxurystaycostarica.com\/?p=870\" title=\"Why So Many from Canada and the United States Are Drawn to Costa Rica\"><img loading=\"lazy\" decoding=\"async\" width=\"200\" height=\"105\" src=\"https:\/\/www.luxurystaycostarica.com\/wp-content\/uploads\/2025\/12\/costa-rica-200x105.jpg\" class=\"img-responsive wp-post-image\" alt=\"costa-rica\" srcset=\"https:\/\/www.luxurystaycostarica.com\/wp-content\/uploads\/2025\/12\/costa-rica-200x105.jpg 200w, https:\/\/www.luxurystaycostarica.com\/wp-content\/uploads\/2025\/12\/costa-rica-600x314.jpg 600w, https:\/\/www.luxurystaycostarica.com\/wp-content\/uploads\/2025\/12\/costa-rica.jpg 1270w\" sizes=\"(max-width: 200px) 100vw, 200px\" \/><\/a><\/div><div class=\"obfx-grid-col-content\">\t\t\t<h2 class=\"entry-title obfx-grid-title\">\n\t\t\t\t\t\t\t<a href=\"https:\/\/www.luxurystaycostarica.com\/?p=870\" title=\"Why So Many from Canada and the United States Are Drawn to Costa Rica\">\n\t\t\t\t\tWhy So Many from Canada and the United States Are Drawn to Costa Rica\t\t\t\t<\/a>\n\t\t\t\t\t\t\t<\/h2>\n\t\t\t\t\t\t\t<div class=\"entry-meta obfx-grid-meta\">\n\n\t\t\t\t\t\t\t\t\t\t\t\t\t<span class=\"obfx-grid-author\">\n\t\t\t\t\t\t\t\t\t<i class=\"fas fa-user\"><\/i>LuxuryCR2025\t\t\t\t\t\t\t\t<\/span>\n\t\t\t\t\t\t\t\t\t\t\t\t\t\t\t\t<span class=\"obfx-grid-date\">\n\t\t\t\t\t\t\t\t\t<i class=\"fas fa-calendar\"><\/i>December 29, 2025\t\t\t\t\t\t\t\t<\/span>\n\t\t\t\t\t\t\t\t\n\t\t\t\t<\/div>\n\t\t\t\t\t\t\t<div class=\"entry-content obfx-grid-content\">\n\t\t\t\tOver the past two decades, Costa Rica has evolved from a hidden gem into one of the most sought-after destinations. What often begins as a vacation quickly turns into repeat&hellip;\t\t\t<\/div>\n\t\t\t<div class=\"obfx-grid-footer\"><a href=\"https:\/\/www.luxurystaycostarica.com\/?p=870\" title=\"Read more\">Read more<\/a><\/div><\/div><\/article><\/div><div class=\"obfx-grid-wrapper\"><article class=\"obfx-grid-col\"><div class=\"obfx-grid-col-image\" style=\"\"><a href=\"https:\/\/www.luxurystaycostarica.com\/?p=51\" title=\"Wildlife &amp; Attractions Near Casa Armon\u00eda\"><img loading=\"lazy\" decoding=\"async\" width=\"200\" height=\"150\" src=\"https:\/\/www.luxurystaycostarica.com\/wp-content\/uploads\/2025\/07\/sloths-costa-rica.jpg\" class=\"img-responsive wp-post-image\" alt=\"Sloth,With,Baby,On,The,Move,,Costa,Rica\" srcset=\"https:\/\/www.luxurystaycostarica.com\/wp-content\/uploads\/2025\/07\/sloths-costa-rica.jpg 1200w, https:\/\/www.luxurystaycostarica.com\/wp-content\/uploads\/2025\/07\/sloths-costa-rica-600x450.jpg 600w, https:\/\/www.luxurystaycostarica.com\/wp-content\/uploads\/2025\/07\/sloths-costa-rica-300x225.jpg 300w, https:\/\/www.luxurystaycostarica.com\/wp-content\/uploads\/2025\/07\/sloths-costa-rica-1024x768.jpg 1024w, https:\/\/www.luxurystaycostarica.com\/wp-content\/uploads\/2025\/07\/sloths-costa-rica-768x576.jpg 768w\" sizes=\"(max-width: 200px) 100vw, 200px\" \/><\/a><\/div><div class=\"obfx-grid-col-content\">\t\t\t<h2 class=\"entry-title obfx-grid-title\">\n\t\t\t\t\t\t\t<a href=\"https:\/\/www.luxurystaycostarica.com\/?p=51\" title=\"Wildlife &amp; Attractions Near Casa Armon\u00eda\">\n\t\t\t\t\tWildlife &amp; Attractions Near Casa Armon\u00eda\t\t\t\t<\/a>\n\t\t\t\t\t\t\t<\/h2>\n\t\t\t\t\t\t\t<div class=\"entry-meta obfx-grid-meta\">\n\n\t\t\t\t\t\t\t\t\t\t\t\t\t<span class=\"obfx-grid-author\">\n\t\t\t\t\t\t\t\t\t<i class=\"fas fa-user\"><\/i>LuxuryCR2025\t\t\t\t\t\t\t\t<\/span>\n\t\t\t\t\t\t\t\t\t\t\t\t\t\t\t\t<span class=\"obfx-grid-date\">\n\t\t\t\t\t\t\t\t\t<i class=\"fas fa-calendar\"><\/i>October 20, 2025\t\t\t\t\t\t\t\t<\/span>\n\t\t\t\t\t\t\t\t\n\t\t\t\t<\/div>\n\t\t\t\t\t\t\t<div class=\"entry-content obfx-grid-content\">\n\t\t\t\tDrivable Within 2 Hours \u2013 Guanacaste, Costa Rica Guanacaste is known for its rich wildlife, volcanic landscapes, waterfalls, and protected reserves. From Casa Armon\u00eda, you\u2019re perfectly positioned to explore some&hellip;\t\t\t<\/div>\n\t\t\t<div class=\"obfx-grid-footer\"><a href=\"https:\/\/www.luxurystaycostarica.com\/?p=51\" title=\"Read more\">Read more<\/a><\/div><\/div><\/article><\/div><\/div><!-- .obfx-grid-container --><\/div><!-- .obfx-grid -->\t\t\t\t<\/div>\n\t\t\t\t<\/div>\n\t\t\t\t<\/div>\n\t\t<div class=\"elementor-element elementor-element-9a8f3ec e-con-full e-flex e-con e-child\" data-id=\"9a8f3ec\" data-element_type=\"container\" data-e-type=\"container\">\n\t\t\t\t<div class=\"elementor-element elementor-element-31bd10b elementor-widget__width-initial elementor-widget elementor-widget-sidebar\" data-id=\"31bd10b\" data-element_type=\"widget\" data-e-type=\"widget\" data-widget_type=\"sidebar.default\">\n\t\t\t\t<div class=\"elementor-widget-container\">\n\t\t\t\t\t<div id=\"search-5\" class=\"widget widget_search\"><form role=\"search\" method=\"get\" class=\"search-form\" action=\"https:\/\/www.luxurystaycostarica.com\/\">\n\t\t\t\t<label>\n\t\t\t\t\t<span class=\"screen-reader-text\">Search for:<\/span>\n\t\t\t\t\t<input type=\"search\" class=\"search-field\" placeholder=\"Search &hellip;\" value=\"\" name=\"s\" \/>\n\t\t\t\t<\/label>\n\t\t\t\t<input type=\"submit\" class=\"search-submit\" value=\"Search\" \/>\n\t\t\t<\/form><\/div><div id=\"categories-4\" class=\"widget widget_categories\"><h5>Categories<\/h5>\n\t\t\t<ul>\n\t\t\t\t\t<li class=\"cat-item cat-item-35\"><a href=\"https:\/\/www.luxurystaycostarica.com\/?cat=35\">Beaches<\/a>\n<\/li>\n\t<li class=\"cat-item cat-item-34\"><a href=\"https:\/\/www.luxurystaycostarica.com\/?cat=34\">Culture &amp; History<\/a>\n<\/li>\n\t<li class=\"cat-item cat-item-32\"><a href=\"https:\/\/www.luxurystaycostarica.com\/?cat=32\">Food and Drink<\/a>\n<\/li>\n\t<li class=\"cat-item cat-item-36\"><a href=\"https:\/\/www.luxurystaycostarica.com\/?cat=36\">Travel Tips<\/a>\n<\/li>\n\t<li class=\"cat-item cat-item-33\"><a href=\"https:\/\/www.luxurystaycostarica.com\/?cat=33\">Wildlife &amp; Nature<\/a>\n<\/li>\n\t\t\t<\/ul>\n\n\t\t\t<\/div>\n\t\t<div id=\"recent-posts-6\" class=\"widget widget_recent_entries\">\n\t\t<h5>Recent Posts<\/h5>\n\t\t<ul>\n\t\t\t\t\t\t\t\t\t\t\t<li>\n\t\t\t\t\t<a href=\"https:\/\/www.luxurystaycostarica.com\/?p=870\">Why So Many from Canada and the United States Are Drawn to Costa Rica<\/a>\n\t\t\t\t\t\t\t\t\t<\/li>\n\t\t\t\t\t\t\t\t\t\t\t<li>\n\t\t\t\t\t<a href=\"https:\/\/www.luxurystaycostarica.com\/?p=844\">Best Time of Year to Visit Playas del Coco, Costa Rica<\/a>\n\t\t\t\t\t\t\t\t\t<\/li>\n\t\t\t\t\t\t\t\t\t\t\t<li>\n\t\t\t\t\t<a href=\"https:\/\/www.luxurystaycostarica.com\/?p=839\">Pros &amp; Cons of Staying in Playas del Coco<\/a>\n\t\t\t\t\t\t\t\t\t<\/li>\n\t\t\t\t\t\t\t\t\t\t\t<li>\n\t\t\t\t\t<a href=\"https:\/\/www.luxurystaycostarica.com\/?p=51\">Wildlife &amp; Attractions Near Casa Armon\u00eda<\/a>\n\t\t\t\t\t\t\t\t\t<\/li>\n\t\t\t\t\t\t\t\t\t\t\t<li>\n\t\t\t\t\t<a href=\"https:\/\/www.luxurystaycostarica.com\/?p=53\">Costa Rican History &amp; Culture<\/a>\n\t\t\t\t\t\t\t\t\t<\/li>\n\t\t\t\t\t<\/ul>\n\n\t\t<\/div><div id=\"custom_html-5\" class=\"widget_text widget widget_custom_html\"><h5>Follow Us on Facebook<\/h5><div class=\"textwidget custom-html-widget\"><div id=\"fb-root\"><\/div>\r\n<script async defer crossorigin=\"anonymous\" src=\"https:\/\/connect.facebook.net\/en_US\/sdk.js#xfbml=1&version=v24.0&appId=APP_ID\"><\/script>\r\n\r\n\r\n<div class=\"fb-page\" data-href=\"https:\/\/www.facebook.com\/profile.php?id=61577968823234\" data-tabs=\"timeline\" data-width=\"\" data-height=\"\" data-small-header=\"false\" data-adapt-container-width=\"false\" data-hide-cover=\"false\" data-show-facepile=\"false\"><blockquote cite=\"https:\/\/www.facebook.com\/profile.php?id=61577968823234\" class=\"fb-xfbml-parse-ignore\"><a href=\"https:\/\/www.facebook.com\/profile.php?id=61577968823234\">Casa Armon\u00eda - Costa Rica Retreat for Luxury &amp; Remote Living<\/a><\/blockquote><\/div><\/div><\/div>\t\t\t\t<\/div>\n\t\t\t\t<\/div>\n\t\t\t\t<\/div>\n\t\t\t\t<\/div>\n\t\t\t\t<\/div>\n\t\t","protected":false},"excerpt":{"rendered":"<p>Best Time of Year to Visit Playas del Coco, Costa Rica LuxuryCR2025 December 25, 2025 Understanding Dry Season vs. Green Season One of the most common questions travelers ask when planning a trip to Costa Rica is:\u201cWhen is the best time to visit?\u201d If you\u2019ve&hellip; Read more Costa Rican History [&hellip;]<\/p>\n","protected":false},"author":1,"featured_media":848,"parent":0,"menu_order":0,"comment_status":"closed","ping_status":"closed","template":"page-templates\/template-page-sidebar.php","meta":{"_themeisle_gutenberg_block_has_review":false,"footnotes":""},"class_list":["post-853","page","type-page","status-publish","has-post-thumbnail","hentry"],"_links":{"self":[{"href":"https:\/\/www.luxurystaycostarica.com\/index.php?rest_route=\/wp\/v2\/pages\/853","targetHints":{"allow":["GET"]}}],"collection":[{"href":"https:\/\/www.luxurystaycostarica.com\/index.php?rest_route=\/wp\/v2\/pages"}],"about":[{"href":"https:\/\/www.luxurystaycostarica.com\/index.php?rest_route=\/wp\/v2\/types\/page"}],"author":[{"embeddable":true,"href":"https:\/\/www.luxurystaycostarica.com\/index.php?rest_route=\/wp\/v2\/users\/1"}],"replies":[{"embeddable":true,"href":"https:\/\/www.luxurystaycostarica.com\/index.php?rest_route=%2Fwp%2Fv2%2Fcomments&post=853"}],"version-history":[{"count":9,"href":"https:\/\/www.luxurystaycostarica.com\/index.php?rest_route=\/wp\/v2\/pages\/853\/revisions"}],"predecessor-version":[{"id":878,"href":"https:\/\/www.luxurystaycostarica.com\/index.php?rest_route=\/wp\/v2\/pages\/853\/revisions\/878"}],"wp:featuredmedia":[{"embeddable":true,"href":"https:\/\/www.luxurystaycostarica.com\/index.php?rest_route=\/wp\/v2\/media\/848"}],"wp:attachment":[{"href":"https:\/\/www.luxurystaycostarica.com\/index.php?rest_route=%2Fwp%2Fv2%2Fmedia&parent=853"}],"curies":[{"name":"wp","href":"https:\/\/api.w.org\/{rel}","templated":true}]}}